23 (base 6) in base 10?
15
Convert 2b (base 12) to base 13.
29
What is -5 (base 8) in base 7?
-5
b (base 13) to base 15
b
Convert -1 (base 15) to base 7.
-1
-22 (base 6) to base 7
-20
Convert -4 (base 16) to base 9.
-4
What is -7 (base 14) in base 7?
-10
4 (base 8) to base 10
4
-43 (base 7) to base 9
-34
Convert -10101011 (base 2) to base 16.
-ab
Convert 7b (base 16) to base 11.
102
What is -121 (base 6) in base 5?
-144
What is 101210 (base 3) in base 6?
1203
Convert -10 (base 4) to base 2.
-100
-37 (base 12) to base 14
-31
What is -314 (base 5) in base 6?
-220
Convert -1011110 (base 2) to base 5.
-334
-10 (base 11) to base 4
-23
Convert -203 (base 7) to base 4.
-1211
Convert 51 (base 16) to base 4.
1101
Convert 1 (base 14) to base 6.
1
What is 0 (base 13) in base 3?
0
What is 13 (base 7) in base 16?
a
What is 0 (base 4) in base 8?
0
Convert -4 (base 16) to base 12.
-4
1101 (base 2) to base 11
12
Convert 9 (base 12) to base 4.
21
-10 (base 9) to base 5
-14
What is 3 (base 14) in base 6?
3
-9 (base 10) to base 4
-21
-26 (base 10) to base 3
-222
-20 (base 12) to base 10
-24
Convert -1011 (base 4) to base 10.
-69
What is -1 (base 11) in base 6?
-1
What is -6d (base 15) in base 2?
-1100111
Convert 14d (base 16) to base 10.
333
What is -46 (base 8) in base 2?
-100110
-4 (base 7) to base 13
-4
What is 20 (base 10) in base 3?
202
Convert 1 (base 2) to base 4.
1
What is -46 (base 11) in base 9?
-55
What is 56 (base 16) in base 2?
1010110
-6 (base 8) to base 4
-12
0 (base 11) to base 4
0
What is -22 (base 4) in base 13?
-a
What is 7 (base 9) in base 4?
13
Convert -17 (base 8) to base 11.
-14
302 (base 4) to base 6
122
32 (base 9) to base 7
41
-2b (base 15) to base 12
-35
Convert 57 (base 11) to base 5.
222
-3 (base 9) to base 11
-3
What is 1 (base 3) in base 6?
1
What is -2 (base 4) in base 9?
-2
What is 1a (base 12) in base 10?
22
What is -101 (base 3) in base 8?
-12
What is -5 (base 12) in base 3?
-12
Convert 3 (base 4) to base 3.
10
Convert 0 (base 3) to base 14.
0
-27 (base 15) to base 3
-1101
-10 (base 2) to base 9
-2
-1 (base 12) to base 13
-1
What is 4f (base 16) in base 5?
304
20 (base 4) to base 12
8
5 (base 14) to base 8
5
100 (base 3) to base 6
13
What is 122 (base 13) in base 4?
3011
6 (base 10) to base 3
20
What is -15 (base 15) in base 11?
-19
Convert -2 (base 15) to base 12.
-2
-32 (base 5) to base 13
-14
30 (base 5) to base 4
33
-11 (base 5) to base 2
-110
Convert -4 (base 6) to base 13.
-4
-142 (base 6) to base 15
-42
Convert -1 (base 8) to base 13.
-1
Convert -4 (base 6) to base 15.
-4
-2a (base 12) to base 11
-31
-20 (base 10) to base 16
-14
-12 (base 13) to base 16
-f
What is 1 (base 12) in base 9?
1
455 (base 7) to base 14
12c
26 (base 8) to base 7
31
-55 (base 8) to base 2
-101101
What is -9 (base 16) in base 7?
-12
Convert -10 (base 9) to base 10.
-9
What is 203 (base 6) in base 10?
75
What is -b5 (base 12) in base 4?
-2021
-4 (base 11) to base 15
-4
What is 3 (base 13) in base 10?
3
0 (base 6) to base 11
0
What is -b5 (base 13) in base 8?
-224
Convert 49 (base 14) to base 6.
145
1d (base 14) to base 8
33
What is -44 (base 12) in base 11?
-48
a4 (base 14) to base 7
264
What is -2 (base 9) in base 7?
-2
What is -21 (base 5) in base 10?
-11
What is -c (base 14) in base 6?
-20
Convert 15 (base 6) to base 9.
12
What is 1 (base 7) in base 8?
1
170 (base 12) to base 10
228
Convert -185 (base 10) to base 5.
-1220
3 (base 5) to base 16
3
Convert -18 (base 11) to base 10.
-19
What is -3 (base 11) in base 10?
-3
What is -11 (base 5) in base 4?
-12
Convert 11010010 (base 2) to base 16.
d2
Convert -2 (base 12) to base 10.
-2
1 (base 9) to base 2
1
14 (base 12) to base 16
10
Convert -14 (base 12) to base 6.
-24
What is 3 (base 5) in base 6?
3
-20 (base 3) to base 8
-6
-23 (base 11) to base 15
-1a
What is b (base 15) in base 16?
b
-15 (base 6) to base 15
-b
Convert -22122 (base 3) to base 9.
-278
102 (base 9) to base 13
65
What is 0 (base 15) in base 3?
0
-6 (base 13) to base 12
-6
What is -64 (base 7) in base 6?
-114
-2b (base 13) to base 11
-34
-37 (base 10) to base 2
-100101
-4 (base 8) to base 7
-4
-145 (base 14) to base 10
-257
What is -16 (base 10) in base 9?
-17
What is -1 (base 10) in base 14?
-1
Convert -4 (base 15) to base 14.
-4
What is 4 (base 14) in base 5?
4
Convert -2012 (base 4) to base 7.
-251
What is 2 (base 13) in base 16?
2
Convert -2 (base 10) to base 14.
-2
What is -166 (base 9) in base 3?
-12020
What is 60 (base 13) in base 3?
2220
Convert -33 (base 12) to base 2.
-100111
What is -3 (base 13) in base 8?
-3
Convert 14 (base 9) to base 14.
d
95 (base 12) to base 7
221
4 (base 8) to base 16
4
Convert 5 (base 6) to base 9.
5
-76 (base 8) to base 3
-2022
What is 10 (base 5) in base 6?
5
-35 (base 8) to base 7
-41
What is -22 (base 4) in base 15?
-a
Convert -430 (base 7) to base 11.
-188
Convert 152 (base 8) to base 6.
254
-4 (base 16) to base 4
-10
Convert -11000011 (base 2) to base 4.
-3003
-8 (base 13) to base 4
-20
What is -21 (base 10) in base 2?
-10101
Convert -1000 (base 2) to base 8.
-10
What is -552 (base 8) in base 6?
-1402
-48 (base 9) to base 14
-32
What is -42 (base 8) in base 2?
-100010
Convert -3 (base 4) to base 10.
-3
32 (base 10) to base 2
100000
What is -4 (base 9) in base 4?
-10
What is 17 (base 8) in base 12?
13
-124 (base 11) to base 4
-2103
Convert b (base 15) to base 3.
102
Convert -2b (base 13) to base 15.
-27
What is 2 (base 4) in base 13?
2
What is 74 (base 13) in base 15?
65
-3 (base 9) to base 3
-10
Convert -35 (base 13) to base 11.
-40
-1223 (base 4) to base 11
-98
Convert -2 (base 9) to base 7.
-2
What is -74 (base 8) in base 11?
-55
-5 (base 7) to base 6
-5
110200 (base 3) to base 13
204
Convert -2 (base 14) to base 6.
-2
What is 11001 (base 2) in base 16?
19
Convert -2 (base 14) to base 7.
-2
-232 (base 6) to base 13
-71
Convert 142 (base 10) to base 3.
12021
Convert 2 (base 7) to base 8.
2
Convert 2 (base 13) to base 16.
2
Convert 4 (base 7) to base 13.
4
-521 (base 6) to base 4
-3001
4 (base 6) to base 12
4
Convert -3 (base 4) to base 8.
-3
-1110111 (base 2) to base 4
-1313
Convert -111000 (base 2) to base 8.
-70
What is -140 (base 5) in base 6?
-113
What is 14 (base 13) in base 6?
25
What is -5 (base 9) in base 14?
-5
Convert -5 (base 11) to base 12.
-5
Convert -10 (base 6) to base 7.
-6
0 (base 10) to base 15
0
-41 (base 5) to base 3
-210
Convert -1111 (base 2) to base 9.
-16
Convert -5 (base 15) to base 4.
-11
What is -124 (base 9) in base 16?
-67
d (base 16) to base 10
13
What is 33 (base 4) in base 8?
17
What is -19b (base 12) in base 14?
-14b
What is -32 (base 8) in base 13?
-20
What is 14 (base 6) in base 11?
a
-12 (base 16) to base 7
-24
Convert -34 (base 14) to base 9.
-51
Convert 2 (base 3) to base 13.
2
12220 (base 3) to base 15
a9
What is 12 (base 10) in base 3?
110
Convert -36 (base 7) to base 11.
-25
Convert 0 (base 3) to base 13.
0
Convert 57 (base 16) to base 10.
87
Convert 6 (base 8) to base 7.
6
Convert 80 (base 13) to base 15.
6e
What is -4 (base 12) in base 9?
-4
What is 3 (base 4) in base 8?
3
Convert -11 (base 9) to base 16.
-a
-3c (base 14) to base 11
-4a
Convert -9 (base 13) to base 4.
-21
Convert -4 (base 13) to base 10.
-4
Convert 1203 (base 4) to base 14.
71
-33 (base 14) to base 10
-45
What is -61 (base 10) in base 11?
-56
Convert 2 (base 14) to base 11.
2
12a (base 11) to base 13
ba
What is 16a (base 11) in base 9?
238
Convert 85 (base 9) to base 8.
115
-1 (base 12) to base 2
-1
What is -17 (base 15) in base 10?
-22
-4 (base 8) to base 6
-4
What is -13 (base 5) in base 4?
-20
1 (base 5) to base 4
1
What is 94 (base 14) in base 5?
1010
-15 (base 16) to base 6
-33
Convert -140 (base 5) to base 14.
-33
21 (base 4) to base 11
9
What is -35 (base 12) in base 14?
-2d
Convert -a5 (base 11) to base 13.
-8b
Convert d (base 16) to base 2.
1101
Convert 5 (base 8) to base 5.
10
1 (base 13) to base 4
1
What is 12 (base 3) in base 2?
101
Convert -28 (base 10) to base 12.
-24
5 (base 11) to base 3
12
Convert -26 (base 9) to base 13.
-1b
Convert -39 (base 13) to base 16.
-30
12 (base 3) to base 13
5
7 (base 8) to base 15
7
Convert 3 (base 12) to base 13.
3
What is -141 (base 9) in base 14?
-86
-b (base 16) to base 2
-1011
What is 3 (base 12) in base 16?
3
What is 0 (base 4) 